e the prime factors of 40657495?
5, 8131499
List the prime factors of 546174.
2, 3, 19, 1597
What are the prime factors of 929168?
2, 58073
What are the prime factors of 981141?
3, 7, 19, 2459
What are the prime factors of 11830133?
7, 1690019
What are the prime factors of 84448?
2, 7, 13, 29
List the prime factors of 30647378.
2, 479, 31991
What are the prime factors of 7627488?
2, 3, 11, 31, 233
What are the prime factors of 480204?
2, 3, 13339
List the prime factors of 1349055.
3, 5, 3331
List the prime factors of 116837.
7, 16691
List the prime factors of 14502539.
1289, 11251
List the prime factors of 4344802.
2, 7, 11, 89, 317
What are the prime factors of 805413?
3, 7, 5479
What are the prime factors of 13041688?
2, 11, 148201
What are the prime factors of 10821558?
2, 3, 11, 113, 1451
What are the prime factors of 299510?
2, 5, 61, 491
List the prime factors of 17946964.
2, 7, 640963
What are the prime factors of 6338658?
2, 3, 1056443
What are the prime factors of 247916?
2, 61979
List the prime factors of 574714.
2, 7, 41051
List the prime factors of 2930979.
3, 79, 83, 149
What are the prime factors of 1113623?
7, 22727
What are the prime factors of 55336?
2, 6917
What are the prime factors of 7774716?
2, 3, 647893
What are the prime factors of 4353662?
2, 2176831
List the prime factors of 488837.
163, 2999
List the prime factors of 3126871.
11, 284261
List the prime factors of 2457596.
2, 23, 26713
What are the prime factors of 2336670?
2, 3, 5, 7, 3709
What are the prime factors of 6225433?
23, 53, 5107
List the prime factors of 491882.
2, 245941
List the prime factors of 3578772.
2, 3, 17, 53, 331
List the prime factors of 13739953.
97, 141649
List the prime factors of 319158.
2, 3, 7, 17, 149
List the prime factors of 227154.
2, 3, 17, 131
List the prime factors of 1713521.
1713521
List the prime factors of 23114448.
2, 3, 7, 23, 997
List the prime factors of 75922.
2, 7, 11, 17, 29
List the prime factors of 9819761.
7, 17, 179, 461
What are the prime factors of 520401?
3, 7, 24781
What are the prime factors of 201685?
5, 11, 19, 193
What are the prime factors of 21349624?
2, 337, 7919
What are the prime factors of 6359426?
2, 103, 30871
List the prime factors of 794495.
5, 13, 17, 719
What are the prime factors of 4163027?
11, 263, 1439
List the prime factors of 138169.
233, 593
List the prime factors of 1143074.
2, 521, 1097
List the prime factors of 4868121.
3, 1622707
List the prime factors of 16690195.
5, 3338039
What are the prime factors of 31888103?
13, 188687
List the prime factors of 105084.
2, 3, 7, 139
List the prime factors of 7020.
2, 3, 5, 13
What are the prime factors of 1184102?
2, 181, 3271
What are the prime factors of 396332?
2, 99083
List the prime factors of 1530142.
2, 109, 7019
List the prime factors of 17544.
2, 3, 17, 43
List the prime factors of 14105081.
14105081
What are the prime factors of 1908812?
2, 61, 7823
List the prime factors of 1392951.
3, 7, 113, 587
List the prime factors of 298649.
13, 22973
What are the prime factors of 3296315?
5, 11, 73, 821
What are the prime factors of 2671190?
2, 5, 29, 61, 151
What are the prime factors of 18125772?
2, 3, 7, 19, 41, 277
What are the prime factors of 214961?
103, 2087
What are the prime factors of 769446?
2, 3, 14249
List the prime factors of 1785097.
1785097
What are the prime factors of 167678?
2, 7, 29, 59
What are the prime factors of 975563?
467, 2089
What are the prime factors of 2777783?
17, 53, 3083
What are the prime factors of 698766?
2, 3, 116461
What are the prime factors of 606765?
3, 5, 19, 2129
List the prime factors of 551122.
2, 11, 13, 41, 47
What are the prime factors of 462455?
5, 7, 73, 181
List the prime factors of 15127297.
17, 293, 3037
What are the prime factors of 228117?
3, 76039
What are the prime factors of 4166235?
3, 5, 127
What are the prime factors of 157112?
2, 41, 479
List the prime factors of 61986.
2, 3, 10331
List the prime factors of 168727.
13, 12979
What are the prime factors of 289405?
5, 57881
List the prime factors of 227208.
2, 3, 9467
What are the prime factors of 301567?
7, 67, 643
List the prime factors of 3514197.
3, 1171399
What are the prime factors of 2391043?
2391043
What are the prime factors of 826335?
3, 5, 6121
List the prime factors of 1435852.
2, 11, 32633
List the prime factors of 78800.
2, 5, 197
List the prime factors of 638841.
3, 7, 29, 1049
List the prime factors of 10756102.
2, 7, 173, 4441
What are the prime factors of 436796?
2, 109199
List the prime factors of 2192656.
2, 43, 3187
List the prime factors of 191570.
2, 5, 19157
What are the prime factors of 65475?
3, 5, 97
List the prime factors of 1236680.
2, 5, 43, 719
List the prime factors of 455157.
3, 103, 491
List the prime factors of 15130620.
2, 3, 5, 84059
What are the prime factors of 16758356?
2, 163, 25703
List the prime factors of 855354.
2, 3, 142559
What are the prime factors of 229874?
2, 17, 6761
List the prime factors of 3908348.
2, 977087
List the prime factors of 1963493.
7, 280499
What are the prime factors of 13024113?
3, 4341371
What are the prime factors of 7037340?
2, 3, 5, 53, 2213
What are the prime factors of 25839195?
3, 5, 251, 6863
List the prime factors of 727757.
19, 38303
What are the prime factors of 622567?
11, 56597
What are the prime factors of 9285357?
3, 19, 162901
What are the prime factors of 10213694?
2, 31, 257, 641
What are the prime factors of 209946?
2, 3, 11, 3181
List the prime factors of 11857045.
5, 19, 6569
What are the prime factors of 140104?
2, 83, 211
List the prime factors of 10135528.
2, 13, 41, 2377
What are the prime factors of 12621246?
2, 3, 11, 191231
List the prime factors of 7953179.
13, 443, 1381
What are the prime factors of 133183?
133183
What are the prime factors of 727394?
2, 367, 991
What are the prime factors of 4445496?
2, 3, 11, 1871
List the prime factors of 3706155.
3, 5, 9151
What are the prime factors of 13041826?
2, 7, 857, 1087
What are the prime factors of 272649?
3, 13, 6991
What are the prime factors of 39623?
39623
List the prime factors of 1061330.
2, 5, 211, 503
List the prime factors of 203738.
2, 101869
List the prime factors of 701186.
2, 350593
What are the prime factors of 20602288?
2, 7, 183949
What are the prime factors of 2027967?
3, 103, 6563
List the prime factors of 17779891.
71, 179, 1399
List the prime factors of 248199.
3, 7, 53, 223
What are the prime factors of 1754889?
3, 584963
What are the prime factors of 6045468?
2, 3, 11, 13, 271
List the prime factors of 3926601.
3, 7, 62327
List the prime factors of 11054525.
5, 442181
List the prime factors of 27761269.
137, 202637
What are the prime factors of 219694?
2, 109847
What are the prime factors of 2114998?
2, 43, 24593
List the prime factors of 2495003.
7, 101, 3529
List the prime factors of 1711477.
61, 28057
List the prime factors of 7241856.
2, 3, 18859
What are the prime factors of 3346834?
2, 59, 113, 251
What are the prime factors of 10164529?
29, 37, 9473
What are the prime factors of 16877672?
2, 7, 43, 163
List the prime factors of 5089076.
2, 1272269
List the prime factors of 21019174.
2, 11, 17, 43, 1307
List the prime factors of 674431.
674431
What are the prime factors of 711822?
2, 3, 31, 43, 89
What are the prime factors of 8791862?
2, 1873, 2347
What are the prime factors of 1927426?
2, 17, 83, 683
What are the prime factors of 815968?
2, 43, 593
List the prime factors of 168737.
168737
List the prime factors of 1596022.
2, 859, 929
List the prime factors of 80494.
2, 167, 241
What are the prime factors of 132961?
132961
What are the prime factors of 641795?
5, 7, 11, 1667
List the prime factors of 459559.
181, 2539
List the prime factors of 7646409.
3, 849601
List the prime factors of 11149657.
11149657
What are the prime factors of 90684?
2, 3, 11, 229
List the prime factors of 517497.
3, 17, 73, 139
What are the prime factors of 89598?
2, 3, 109, 137
List the prime factors of 1401577.
101, 13877
List the prime factors of 693808.
2, 103, 421
What are the prime factors of 2968982?
2, 17, 87323
List the prime factors of 59739.
3, 19913
List the prime factors of 2962336.
2, 13, 7121
What are the prime factors of 11269085?
5, 311, 7247
What are the prime fact